{"id":338,"date":"2018-03-06T09:55:06","date_gmt":"2018-03-06T08:55:06","guid":{"rendered":"http:\/\/www.pure-motivation.ch\/wordpress\/?page_id=338"},"modified":"2026-04-14T10:32:13","modified_gmt":"2026-04-14T08:32:13","slug":"plongee","status":"publish","type":"page","link":"https:\/\/www.pure-motivation.ch\/wordpress\/plongee\/","title":{"rendered":"Apn\u00e9e et plong\u00e9e"},"content":{"rendered":"\t\t<div data-elementor-type=\"wp-page\" data-elementor-id=\"338\" class=\"elementor elementor-338\">\n\t\t\t\t<div class=\"elementor-element elementor-element-a433fe1 e-flex e-con-boxed e-con e-parent\" data-id=\"a433fe1\" data-element_type=\"container\" data-e-type=\"container\">\n\t\t\t\t\t<div class=\"e-con-inner\">\n\t\t\t\t<div class=\"elementor-element elementor-element-42fefe2 elementor-widget elementor-widget-heading\" data-id=\"42fefe2\" data-element_type=\"widget\" data-e-type=\"widget\" data-widget_type=\"heading.default\">\n\t\t\t\t<div class=\"elementor-widget-container\">\n\t\t\t\t\t<h2 class=\"elementor-heading-title elementor-size-default\">Apn\u00e9e, plong\u00e9e loisir et plong\u00e9e technique<\/h2>\t\t\t\t<\/div>\n\t\t\t\t<\/div>\n\t\t\t\t\t<\/div>\n\t\t\t\t<\/div>\n\t\t<div class=\"elementor-element elementor-element-dd72443 e-flex e-con-boxed e-con e-parent\" data-id=\"dd72443\" data-element_type=\"container\" data-e-type=\"container\">\n\t\t\t\t\t<div class=\"e-con-inner\">\n\t\t\t\t<div class=\"elementor-element elementor-element-9ed99d5 elementor-widget elementor-widget-text-editor\" data-id=\"9ed99d5\" data-element_type=\"widget\" data-e-type=\"widget\" data-widget_type=\"text-editor.default\">\n\t\t\t\t<div class=\"elementor-widget-container\">\n\t\t\t\t\t\t\t\t\t<p><strong>\u00a0D\u00e9couvrez un Monde de S\u00e9r\u00e9nit\u00e9 et d\u2019\u00c9merveillement !<\/strong><\/p><p>Le milieu aquatique est un univers fascinant o\u00f9 le temps semble s\u2019arr\u00eater, offrant une parenth\u00e8se de bien-\u00eatre et d\u2019\u00e9vasion. Que vous souhaitiez vivre vos premi\u00e8res sensations sous l\u2019eau, approfondir vos comp\u00e9tences, ou repousser vos limites, <strong>Pure Motivation<\/strong> vous accompagne dans la d\u00e9couverte de la plong\u00e9e sous toutes ses formes.<\/p><p>Laissez-vous porter par la l\u00e9g\u00e8ret\u00e9 et la tranquillit\u00e9 de cet \u00e9l\u00e9ment unique, o\u00f9 chaque immersion devient une exp\u00e9rience enrichissante pour le corps et l\u2019esprit.<\/p><p><strong>Explorez nos diff\u00e9rentes pratiques en choisissant la voie qui correspond \u00e0 vos envies :<\/strong><\/p>\t\t\t\t\t\t\t\t<\/div>\n\t\t\t\t<\/div>\n\t\t\t\t\t<\/div>\n\t\t\t\t<\/div>\n\t\t<div class=\"elementor-element elementor-element-065135a e-flex e-con-boxed e-con e-parent\" data-id=\"065135a\" data-element_type=\"container\" data-e-type=\"container\">\n\t\t\t\t\t<div class=\"e-con-inner\">\n\t\t<div class=\"elementor-element elementor-element-9277cc7 e-grid e-con-full e-con e-child\" data-id=\"9277cc7\" data-element_type=\"container\" data-e-type=\"container\">\n\t\t\t\t<div class=\"elementor-element elementor-element-8d243dc elementor-widget elementor-widget-image\" data-id=\"8d243dc\" data-element_type=\"widget\" data-e-type=\"widget\" data-widget_type=\"image.default\">\n\t\t\t\t<div class=\"elementor-widget-container\">\n\t\t\t\t\t\t\t\t\t\t\t\t\t\t\t\t<a href=\"https:\/\/www.pure-motivation.ch\/wordpress\/apnee\/\">\n\t\t\t\t\t\t\t<img fetchpriority=\"high\" decoding=\"async\" width=\"809\" height=\"539\" src=\"https:\/\/www.pure-motivation.ch\/wordpress\/wp-content\/uploads\/2025\/01\/Apnee-Geneve.png\" class=\"elementor-animation-grow attachment-large size-large wp-image-2426\" alt=\"\" srcset=\"https:\/\/www.pure-motivation.ch\/wordpress\/wp-content\/uploads\/2025\/01\/Apnee-Geneve.png 917w, https:\/\/www.pure-motivation.ch\/wordpress\/wp-content\/uploads\/2025\/01\/Apnee-Geneve-300x200.png 300w, https:\/\/www.pure-motivation.ch\/wordpress\/wp-content\/uploads\/2025\/01\/Apnee-Geneve-768x512.png 768w, https:\/\/www.pure-motivation.ch\/wordpress\/wp-content\/uploads\/2025\/01\/Apnee-Geneve-476x317.png 476w\" sizes=\"(max-width: 809px) 100vw, 809px\" \/>\t\t\t\t\t\t\t\t<\/a>\n\t\t\t\t\t\t\t\t\t\t\t\t\t\t\t<\/div>\n\t\t\t\t<\/div>\n\t\t\t\t<div class=\"elementor-element elementor-element-0a555e9 elementor-widget elementor-widget-image\" data-id=\"0a555e9\" data-element_type=\"widget\" data-e-type=\"widget\" data-widget_type=\"image.default\">\n\t\t\t\t<div class=\"elementor-widget-container\">\n\t\t\t\t\t\t\t\t\t\t\t\t\t\t\t\t<a href=\"https:\/\/www.pure-motivation.ch\/wordpress\/plongee-loisir\/\">\n\t\t\t\t\t\t\t<img decoding=\"async\" width=\"809\" height=\"543\" src=\"https:\/\/www.pure-motivation.ch\/wordpress\/wp-content\/uploads\/2025\/01\/Plongee-loisir-Geneve-1024x687.png\" class=\"elementor-animation-grow attachment-large size-large wp-image-2427\" alt=\"\" srcset=\"https:\/\/www.pure-motivation.ch\/wordpress\/wp-content\/uploads\/2025\/01\/Plongee-loisir-Geneve-1024x687.png 1024w, https:\/\/www.pure-motivation.ch\/wordpress\/wp-content\/uploads\/2025\/01\/Plongee-loisir-Geneve-300x201.png 300w, https:\/\/www.pure-motivation.ch\/wordpress\/wp-content\/uploads\/2025\/01\/Plongee-loisir-Geneve-768x515.png 768w, https:\/\/www.pure-motivation.ch\/wordpress\/wp-content\/uploads\/2025\/01\/Plongee-loisir-Geneve-476x319.png 476w, https:\/\/www.pure-motivation.ch\/wordpress\/wp-content\/uploads\/2025\/01\/Plongee-loisir-Geneve.png 1279w\" sizes=\"(max-width: 809px) 100vw, 809px\" \/>\t\t\t\t\t\t\t\t<\/a>\n\t\t\t\t\t\t\t\t\t\t\t\t\t\t\t<\/div>\n\t\t\t\t<\/div>\n\t\t\t\t<div class=\"elementor-element elementor-element-7d2060b elementor-widget elementor-widget-image\" data-id=\"7d2060b\" data-element_type=\"widget\" data-e-type=\"widget\" data-widget_type=\"image.default\">\n\t\t\t\t<div class=\"elementor-widget-container\">\n\t\t\t\t\t\t\t\t\t\t\t\t\t\t\t\t<a href=\"https:\/\/www.pure-motivation.ch\/wordpress\/plongee-technique\/\">\n\t\t\t\t\t\t\t<img decoding=\"async\" width=\"809\" height=\"536\" src=\"https:\/\/www.pure-motivation.ch\/wordpress\/wp-content\/uploads\/2025\/01\/Plongee-technique-Geneve-1024x679.png\" class=\"elementor-animation-grow attachment-large size-large wp-image-2428\" alt=\"\" srcset=\"https:\/\/www.pure-motivation.ch\/wordpress\/wp-content\/uploads\/2025\/01\/Plongee-technique-Geneve-1024x679.png 1024w, https:\/\/www.pure-motivation.ch\/wordpress\/wp-content\/uploads\/2025\/01\/Plongee-technique-Geneve-300x199.png 300w, https:\/\/www.pure-motivation.ch\/wordpress\/wp-content\/uploads\/2025\/01\/Plongee-technique-Geneve-768x509.png 768w, https:\/\/www.pure-motivation.ch\/wordpress\/wp-content\/uploads\/2025\/01\/Plongee-technique-Geneve-476x316.png 476w, https:\/\/www.pure-motivation.ch\/wordpress\/wp-content\/uploads\/2025\/01\/Plongee-technique-Geneve.png 1283w\" sizes=\"(max-width: 809px) 100vw, 809px\" \/>\t\t\t\t\t\t\t\t<\/a>\n\t\t\t\t\t\t\t\t\t\t\t\t\t\t\t<\/div>\n\t\t\t\t<\/div>\n\t\t\t\t<\/div>\n\t\t\t\t\t<\/div>\n\t\t\t\t<\/div>\n\t\t<div class=\"elementor-element elementor-element-1eb3fbb e-flex e-con-boxed e-con e-parent\" data-id=\"1eb3fbb\" data-element_type=\"container\" data-e-type=\"container\">\n\t\t\t\t\t<div class=\"e-con-inner\">\n\t\t\t\t<div class=\"elementor-element elementor-element-c41fc32 elementor-widget elementor-widget-text-editor\" data-id=\"c41fc32\" data-element_type=\"widget\" data-e-type=\"widget\" data-widget_type=\"text-editor.default\">\n\t\t\t\t<div class=\"elementor-widget-container\">\n\t\t\t\t\t\t\t\t\t<p><strong>Un aper\u00e7u de mon exp\u00e9rience<\/strong><\/p><p>Depuis mes d\u00e9buts aux \u00eeles Ca\u00efmans, o\u00f9 j\u2019ai d\u00e9couvert le monde fascinant de la plong\u00e9e sous-marine, cette passion ne m\u2019a jamais quitt\u00e9. Le calme et la richesse du milieu aquatique m\u2019ont captiv\u00e9 d\u00e8s les premi\u00e8res immersions, et cette fascination continue de m\u2019animer \u00e0 chaque plong\u00e9e.<\/p><p>Avec plus de 18 ans d\u2019enseignement et 5&rsquo;000 plong\u00e9es \u00e0 mon actif, j\u2019ai eu la chance de parcourir le globe pour explorer et partager ma passion. J\u2019ai travaill\u00e9 dans plusieurs pays d\u2019Asie, puis j\u2019ai cr\u00e9\u00e9 et d\u00e9velopp\u00e9 un club de plong\u00e9e aux Philippines, que j\u2019ai dirig\u00e9 pendant 6 ann\u00e9es enrichissantes. Ces exp\u00e9riences m\u2019ont permis de plonger dans des environnements vari\u00e9s et d\u2019acqu\u00e9rir une expertise dans des disciplines exigeantes comme la plong\u00e9e profonde, la plong\u00e9e sur \u00e9pave et la plong\u00e9e en grotte.<\/p><p>Aujourd\u2019hui, install\u00e9 en Suisse, je continue d\u2019enseigner avec la m\u00eame passion, que ce soit l&rsquo;apn\u00e9e, la plong\u00e9e loisir ou la plong\u00e9e technique, dans les lacs ou en mer. Mon objectif est de transmettre non seulement les comp\u00e9tences n\u00e9cessaires \u00e0 chaque plongeur, mais aussi l\u2019\u00e9merveillement et le bien-\u00eatre que procure l\u2019exploration du monde sous-marin.<\/p><p>Pr\u00eat \u00e0 plonger avec moi ?<\/p>\t\t\t\t\t\t\t\t<\/div>\n\t\t\t\t<\/div>\n\t\t\t\t\t<\/div>\n\t\t\t\t<\/div>\n\t\t\t\t<\/div>\n\t\t","protected":false},"excerpt":{"rendered":"<p>Apn\u00e9e, plong\u00e9e loisir et plong\u00e9e technique \u00a0D\u00e9couvrez un Monde de S\u00e9r\u00e9nit\u00e9 et d\u2019\u00c9merveillement ! Le milieu aquatique est un univers fascinant o\u00f9 le temps semble s\u2019arr\u00eater, offrant une parenth\u00e8se de bien-\u00eatre et d\u2019\u00e9vasion. Que vous souhaitiez vivre vos premi\u00e8res sensations sous l\u2019eau, approfondir vos comp\u00e9tences, ou repousser vos limites, Pure \u2026<\/p>\n","protected":false},"author":1,"featured_media":1830,"parent":0,"menu_order":0,"comment_status":"closed","ping_status":"closed","template":"","meta":{"footnotes":""},"class_list":["post-338","page","type-page","status-publish","has-post-thumbnail","hentry"],"yoast_head":"<!-- This site is optimized with the Yoast SEO plugin v21.5 - https:\/\/yoast.com\/wordpress\/plugins\/seo\/ -->\n<title>Apn\u00e9e et plong\u00e9e - Pure Motivation<\/title>\n<meta name=\"robots\" content=\"index, follow, max-snippet:-1, max-image-preview:large, max-video-preview:-1\" \/>\n<link rel=\"canonical\" href=\"https:\/\/www.pure-motivation.ch\/wordpress\/plongee\/\" \/>\n<meta property=\"og:locale\" content=\"fr_FR\" \/>\n<meta property=\"og:type\" content=\"article\" \/>\n<meta property=\"og:title\" content=\"Apn\u00e9e et plong\u00e9e - Pure Motivation\" \/>\n<meta property=\"og:description\" content=\"Apn\u00e9e, plong\u00e9e loisir et plong\u00e9e technique \u00a0D\u00e9couvrez un Monde de S\u00e9r\u00e9nit\u00e9 et d\u2019\u00c9merveillement ! Le milieu aquatique est un univers fascinant o\u00f9 le temps semble s\u2019arr\u00eater, offrant une parenth\u00e8se de bien-\u00eatre et d\u2019\u00e9vasion. Que vous souhaitiez vivre vos premi\u00e8res sensations sous l\u2019eau, approfondir vos comp\u00e9tences, ou repousser vos limites, Pure \u2026\" \/>\n<meta property=\"og:url\" content=\"https:\/\/www.pure-motivation.ch\/wordpress\/plongee\/\" \/>\n<meta property=\"og:site_name\" content=\"Pure Motivation\" \/>\n<meta property=\"article:publisher\" content=\"https:\/\/www.facebook.com\/puremotivationsuisse\" \/>\n<meta property=\"article:modified_time\" content=\"2026-04-14T08:32:13+00:00\" \/>\n<meta property=\"og:image\" content=\"https:\/\/www.pure-motivation.ch\/wordpress\/wp-content\/uploads\/2024\/05\/Freediving.png\" \/>\n\t<meta property=\"og:image:width\" content=\"1081\" \/>\n\t<meta property=\"og:image:height\" content=\"720\" \/>\n\t<meta property=\"og:image:type\" content=\"image\/png\" \/>\n<meta name=\"twitter:card\" content=\"summary_large_image\" \/>\n<meta name=\"twitter:label1\" content=\"Dur\u00e9e de lecture estim\u00e9e\" \/>\n\t<meta name=\"twitter:data1\" content=\"2 minutes\" \/>\n<script type=\"application\/ld+json\" class=\"yoast-schema-graph\">{\"@context\":\"https:\/\/schema.org\",\"@graph\":[{\"@type\":\"WebPage\",\"@id\":\"https:\/\/www.pure-motivation.ch\/wordpress\/plongee\/\",\"url\":\"https:\/\/www.pure-motivation.ch\/wordpress\/plongee\/\",\"name\":\"Apn\u00e9e et plong\u00e9e - Pure Motivation\",\"isPartOf\":{\"@id\":\"https:\/\/www.pure-motivation.ch\/wordpress\/#website\"},\"datePublished\":\"2018-03-06T08:55:06+00:00\",\"dateModified\":\"2026-04-14T08:32:13+00:00\",\"breadcrumb\":{\"@id\":\"https:\/\/www.pure-motivation.ch\/wordpress\/plongee\/#breadcrumb\"},\"inLanguage\":\"fr-FR\",\"potentialAction\":[{\"@type\":\"ReadAction\",\"target\":[\"https:\/\/www.pure-motivation.ch\/wordpress\/plongee\/\"]}]},{\"@type\":\"BreadcrumbList\",\"@id\":\"https:\/\/www.pure-motivation.ch\/wordpress\/plongee\/#breadcrumb\",\"itemListElement\":[{\"@type\":\"ListItem\",\"position\":1,\"name\":\"Accueil\",\"item\":\"https:\/\/www.pure-motivation.ch\/wordpress\/\"},{\"@type\":\"ListItem\",\"position\":2,\"name\":\"Apn\u00e9e et plong\u00e9e\"}]},{\"@type\":\"WebSite\",\"@id\":\"https:\/\/www.pure-motivation.ch\/wordpress\/#website\",\"url\":\"https:\/\/www.pure-motivation.ch\/wordpress\/\",\"name\":\"Pure Motivation\",\"description\":\"Discover your true potential\",\"publisher\":{\"@id\":\"https:\/\/www.pure-motivation.ch\/wordpress\/#organization\"},\"potentialAction\":[{\"@type\":\"SearchAction\",\"target\":{\"@type\":\"EntryPoint\",\"urlTemplate\":\"https:\/\/www.pure-motivation.ch\/wordpress\/?s={search_term_string}\"},\"query-input\":\"required name=search_term_string\"}],\"inLanguage\":\"fr-FR\"},{\"@type\":\"Organization\",\"@id\":\"https:\/\/www.pure-motivation.ch\/wordpress\/#organization\",\"name\":\"Pure Motivation\",\"url\":\"https:\/\/www.pure-motivation.ch\/wordpress\/\",\"logo\":{\"@type\":\"ImageObject\",\"inLanguage\":\"fr-FR\",\"@id\":\"https:\/\/www.pure-motivation.ch\/wordpress\/#\/schema\/logo\/image\/\",\"url\":\"https:\/\/www.pure-motivation.ch\/wordpress\/wp-content\/uploads\/2026\/05\/logo-seul-pure-motivation.jpg\",\"contentUrl\":\"https:\/\/www.pure-motivation.ch\/wordpress\/wp-content\/uploads\/2026\/05\/logo-seul-pure-motivation.jpg\",\"width\":1240,\"height\":1240,\"caption\":\"Pure Motivation\"},\"image\":{\"@id\":\"https:\/\/www.pure-motivation.ch\/wordpress\/#\/schema\/logo\/image\/\"},\"sameAs\":[\"https:\/\/www.facebook.com\/puremotivationsuisse\",\"https:\/\/www.instagram.com\/puremotivationch\/\",\"https:\/\/www.youtube.com\/channel\/UC95XjhmapH_YQzEKZCLklOQ\"]}]}<\/script>\n<!-- \/ Yoast SEO plugin. -->","yoast_head_json":{"title":"Apn\u00e9e et plong\u00e9e - Pure Motivation","robots":{"index":"index","follow":"follow","max-snippet":"max-snippet:-1","max-image-preview":"max-image-preview:large","max-video-preview":"max-video-preview:-1"},"canonical":"https:\/\/www.pure-motivation.ch\/wordpress\/plongee\/","og_locale":"fr_FR","og_type":"article","og_title":"Apn\u00e9e et plong\u00e9e - Pure Motivation","og_description":"Apn\u00e9e, plong\u00e9e loisir et plong\u00e9e technique \u00a0D\u00e9couvrez un Monde de S\u00e9r\u00e9nit\u00e9 et d\u2019\u00c9merveillement ! Le milieu aquatique est un univers fascinant o\u00f9 le temps semble s\u2019arr\u00eater, offrant une parenth\u00e8se de bien-\u00eatre et d\u2019\u00e9vasion. Que vous souhaitiez vivre vos premi\u00e8res sensations sous l\u2019eau, approfondir vos comp\u00e9tences, ou repousser vos limites, Pure \u2026","og_url":"https:\/\/www.pure-motivation.ch\/wordpress\/plongee\/","og_site_name":"Pure Motivation","article_publisher":"https:\/\/www.facebook.com\/puremotivationsuisse","article_modified_time":"2026-04-14T08:32:13+00:00","og_image":[{"width":1081,"height":720,"url":"https:\/\/www.pure-motivation.ch\/wordpress\/wp-content\/uploads\/2024\/05\/Freediving.png","type":"image\/png"}],"twitter_card":"summary_large_image","twitter_misc":{"Dur\u00e9e de lecture estim\u00e9e":"2 minutes"},"schema":{"@context":"https:\/\/schema.org","@graph":[{"@type":"WebPage","@id":"https:\/\/www.pure-motivation.ch\/wordpress\/plongee\/","url":"https:\/\/www.pure-motivation.ch\/wordpress\/plongee\/","name":"Apn\u00e9e et plong\u00e9e - Pure Motivation","isPartOf":{"@id":"https:\/\/www.pure-motivation.ch\/wordpress\/#website"},"datePublished":"2018-03-06T08:55:06+00:00","dateModified":"2026-04-14T08:32:13+00:00","breadcrumb":{"@id":"https:\/\/www.pure-motivation.ch\/wordpress\/plongee\/#breadcrumb"},"inLanguage":"fr-FR","potentialAction":[{"@type":"ReadAction","target":["https:\/\/www.pure-motivation.ch\/wordpress\/plongee\/"]}]},{"@type":"BreadcrumbList","@id":"https:\/\/www.pure-motivation.ch\/wordpress\/plongee\/#breadcrumb","itemListElement":[{"@type":"ListItem","position":1,"name":"Accueil","item":"https:\/\/www.pure-motivation.ch\/wordpress\/"},{"@type":"ListItem","position":2,"name":"Apn\u00e9e et plong\u00e9e"}]},{"@type":"WebSite","@id":"https:\/\/www.pure-motivation.ch\/wordpress\/#website","url":"https:\/\/www.pure-motivation.ch\/wordpress\/","name":"Pure Motivation","description":"Discover your true potential","publisher":{"@id":"https:\/\/www.pure-motivation.ch\/wordpress\/#organization"},"potentialAction":[{"@type":"SearchAction","target":{"@type":"EntryPoint","urlTemplate":"https:\/\/www.pure-motivation.ch\/wordpress\/?s={search_term_string}"},"query-input":"required name=search_term_string"}],"inLanguage":"fr-FR"},{"@type":"Organization","@id":"https:\/\/www.pure-motivation.ch\/wordpress\/#organization","name":"Pure Motivation","url":"https:\/\/www.pure-motivation.ch\/wordpress\/","logo":{"@type":"ImageObject","inLanguage":"fr-FR","@id":"https:\/\/www.pure-motivation.ch\/wordpress\/#\/schema\/logo\/image\/","url":"https:\/\/www.pure-motivation.ch\/wordpress\/wp-content\/uploads\/2026\/05\/logo-seul-pure-motivation.jpg","contentUrl":"https:\/\/www.pure-motivation.ch\/wordpress\/wp-content\/uploads\/2026\/05\/logo-seul-pure-motivation.jpg","width":1240,"height":1240,"caption":"Pure Motivation"},"image":{"@id":"https:\/\/www.pure-motivation.ch\/wordpress\/#\/schema\/logo\/image\/"},"sameAs":["https:\/\/www.facebook.com\/puremotivationsuisse","https:\/\/www.instagram.com\/puremotivationch\/","https:\/\/www.youtube.com\/channel\/UC95XjhmapH_YQzEKZCLklOQ"]}]}},"_links":{"self":[{"href":"https:\/\/www.pure-motivation.ch\/wordpress\/wp-json\/wp\/v2\/pages\/338","targetHints":{"allow":["GET"]}}],"collection":[{"href":"https:\/\/www.pure-motivation.ch\/wordpress\/wp-json\/wp\/v2\/pages"}],"about":[{"href":"https:\/\/www.pure-motivation.ch\/wordpress\/wp-json\/wp\/v2\/types\/page"}],"author":[{"embeddable":true,"href":"https:\/\/www.pure-motivation.ch\/wordpress\/wp-json\/wp\/v2\/users\/1"}],"replies":[{"embeddable":true,"href":"https:\/\/www.pure-motivation.ch\/wordpress\/wp-json\/wp\/v2\/comments?post=338"}],"version-history":[{"count":52,"href":"https:\/\/www.pure-motivation.ch\/wordpress\/wp-json\/wp\/v2\/pages\/338\/revisions"}],"predecessor-version":[{"id":4351,"href":"https:\/\/www.pure-motivation.ch\/wordpress\/wp-json\/wp\/v2\/pages\/338\/revisions\/4351"}],"wp:featuredmedia":[{"embeddable":true,"href":"https:\/\/www.pure-motivation.ch\/wordpress\/wp-json\/wp\/v2\/media\/1830"}],"wp:attachment":[{"href":"https:\/\/www.pure-motivation.ch\/wordpress\/wp-json\/wp\/v2\/media?parent=338"}],"curies":[{"name":"wp","href":"https:\/\/api.w.org\/{rel}","templated":true}]}}