{"id":2652,"date":"2025-01-17T10:16:40","date_gmt":"2025-01-17T09:16:40","guid":{"rendered":"https:\/\/www.pure-motivation.ch\/wordpress\/?page_id=2652"},"modified":"2025-02-07T11:15:12","modified_gmt":"2025-02-07T10:15:12","slug":"emergency-first-response","status":"publish","type":"page","link":"https:\/\/www.pure-motivation.ch\/wordpress\/emergency-first-response\/","title":{"rendered":"Emergency First Response"},"content":{"rendered":"\t\t<div data-elementor-type=\"wp-page\" data-elementor-id=\"2652\" class=\"elementor elementor-2652\">\n\t\t\t\t<div class=\"elementor-element elementor-element-6ac35c2 e-flex e-con-boxed e-con e-parent\" data-id=\"6ac35c2\" data-element_type=\"container\">\n\t\t\t\t\t<div class=\"e-con-inner\">\n\t\t\t\t<div class=\"elementor-element elementor-element-9ecd728 elementor-widget elementor-widget-heading\" data-id=\"9ecd728\" data-element_type=\"widget\" data-widget_type=\"heading.default\">\n\t\t\t\t<div class=\"elementor-widget-container\">\n\t\t\t<h2 class=\"elementor-heading-title elementor-size-default\">Emergency First Response<\/h2>\t\t<\/div>\n\t\t\t\t<\/div>\n\t\t\t\t\t<\/div>\n\t\t\t\t<\/div>\n\t\t<div class=\"elementor-element elementor-element-4dc5667 e-flex e-con-boxed e-con e-parent\" data-id=\"4dc5667\" data-element_type=\"container\">\n\t\t\t\t\t<div class=\"e-con-inner\">\n\t\t\t\t<div class=\"elementor-element elementor-element-0389fb3 elementor-widget elementor-widget-text-editor\" data-id=\"0389fb3\" data-element_type=\"widget\" data-widget_type=\"text-editor.default\">\n\t\t\t\t<div class=\"elementor-widget-container\">\n\t\t\t\t\t\t\t<p><strong>Apprenez \u00e0 sauver des vies, sur terre comme sous l\u2019eau.<\/strong><\/p><p>La formation <strong>Emergency First Response (EFR)<\/strong> est une \u00e9tape essentielle pour tout plongeur souhaitant am\u00e9liorer sa capacit\u00e9 \u00e0 g\u00e9rer les situations d\u2019urgence. Que ce soit pour compl\u00e9ter votre formation <strong>Rescue Diver<\/strong> ou simplement pour renforcer vos comp\u00e9tences en premiers secours, ce cours vous offre les outils n\u00e9cessaires pour intervenir efficacement face \u00e0 une urgence.<\/p><h3><span style=\"color: #6ec1e4;\"><strong>Ce que vous apprendrez :<\/strong><\/span><\/h3><ul><li>R\u00e9animation cardio-pulmonaire (RCP) pour adultes, enfants et nourrissons.<\/li><li>Techniques de premiers secours pour les blessures, les maladies soudaines et les \u00e9touffements.<\/li><li>Utilisation d\u2019un d\u00e9fibrillateur externe automatis\u00e9 (DEA).<\/li><li>Gestion des situations d\u2019urgence en toute confiance et sang-froid.<\/li><\/ul><h3><span style=\"color: #6ec1e4;\"><strong>Pourquoi suivre cette formation ?<\/strong><\/span><\/h3><ul><li>Acqu\u00e9rez des comp\u00e9tences vitales applicables dans tous les aspects de la vie quotidienne.<\/li><li>Pr\u00e9parez-vous \u00e0 intervenir rapidement et efficacement en cas d\u2019urgence.<\/li><li>Remplissez les pr\u00e9-requis n\u00e9cessaires pour la formation <strong>Rescue Diver<\/strong>.<\/li><\/ul><p><strong>Accessible \u00e0 tous :<\/strong><\/p><ul><li>Aucun pr\u00e9-requis en plong\u00e9e n\u2019est n\u00e9cessaire. Ce cours est ouvert aux plongeurs et non-plongeurs.<\/li><\/ul><p><strong>Dur\u00e9e :<\/strong><\/p><ul><li>Environ une journ\u00e9e, alternant th\u00e9orie et ateliers pratiques.<\/li><\/ul><p><strong>Soyez pr\u00eat \u00e0 r\u00e9agir et \u00e0 faire la diff\u00e9rence en cas d\u2019urgence<\/strong><\/p>\t\t\t\t\t\t<\/div>\n\t\t\t\t<\/div>\n\t\t\t\t\t<\/div>\n\t\t\t\t<\/div>\n\t\t<div class=\"elementor-element elementor-element-0661500 e-flex e-con-boxed e-con e-parent\" data-id=\"0661500\" data-element_type=\"container\">\n\t\t\t\t\t<div class=\"e-con-inner\">\n\t\t<div class=\"elementor-element elementor-element-3d49698 e-grid e-con-full e-con e-child\" data-id=\"3d49698\" data-element_type=\"container\">\n\t\t\t\t<div class=\"elementor-element elementor-element-e2850e3 elementor-widget elementor-widget-text-editor\" data-id=\"e2850e3\" data-element_type=\"widget\" data-widget_type=\"text-editor.default\">\n\t\t\t\t<div class=\"elementor-widget-container\">\n\t\t\t\t\t\t\t<h4 style=\"text-align: center;\"><span style=\"color: #6ec1e4;\"><strong>Prix :<\/strong><\/span><\/h4><ul><li>EFR : 350.-<\/li><li>EFR + O2 Provider : 490.-<\/li><\/ul>\t\t\t\t\t\t<\/div>\n\t\t\t\t<\/div>\n\t\t\t\t<div class=\"elementor-element elementor-element-d061770 elementor-widget elementor-widget-text-editor\" data-id=\"d061770\" data-element_type=\"widget\" data-widget_type=\"text-editor.default\">\n\t\t\t\t<div class=\"elementor-widget-container\">\n\t\t\t\t\t\t\t<h4 style=\"text-align: center;\"><span style=\"color: #6ec1e4;\"><strong>Conditions :<\/strong><\/span><\/h4><ul><li>Accessible \u00e0 tous<\/li><\/ul>\t\t\t\t\t\t<\/div>\n\t\t\t\t<\/div>\n\t\t\t\t<div class=\"elementor-element elementor-element-fb3622f elementor-widget elementor-widget-text-editor\" data-id=\"fb3622f\" data-element_type=\"widget\" data-widget_type=\"text-editor.default\">\n\t\t\t\t<div class=\"elementor-widget-container\">\n\t\t\t\t\t\t\t<h4 style=\"text-align: center;\"><span style=\"color: #6ec1e4;\"><strong>Inclus :<\/strong>\u00a0<\/span><\/h4><ul><li>Th\u00e9orie<\/li><li>Ateliers pratiques<\/li><li>Equipement 1er secours<\/li><li>1 journ\u00e9e de formation<\/li><li>Certification<\/li><\/ul>\t\t\t\t\t\t<\/div>\n\t\t\t\t<\/div>\n\t\t\t\t<\/div>\n\t\t\t\t\t<\/div>\n\t\t\t\t<\/div>\n\t\t\t\t<\/div>\n\t\t","protected":false},"excerpt":{"rendered":"<p>Emergency First Response Apprenez \u00e0 sauver des vies, sur terre comme sous l\u2019eau. La formation Emergency First Response (EFR) est une \u00e9tape essentielle pour tout plongeur souhaitant am\u00e9liorer sa capacit\u00e9 \u00e0 g\u00e9rer les situations d\u2019urgence. Que ce soit pour compl\u00e9ter votre formation Rescue Diver ou simplement pour renforcer vos comp\u00e9tences \u2026<\/p>\n","protected":false},"author":1,"featured_media":2661,"parent":0,"menu_order":0,"comment_status":"closed","ping_status":"closed","template":"","meta":{"footnotes":""},"class_list":["post-2652","page","type-page","status-publish","has-post-thumbnail","hentry"],"_links":{"self":[{"href":"https:\/\/www.pure-motivation.ch\/wordpress\/wp-json\/wp\/v2\/pages\/2652","targetHints":{"allow":["GET"]}}],"collection":[{"href":"https:\/\/www.pure-motivation.ch\/wordpress\/wp-json\/wp\/v2\/pages"}],"about":[{"href":"https:\/\/www.pure-motivation.ch\/wordpress\/wp-json\/wp\/v2\/types\/page"}],"author":[{"embeddable":true,"href":"https:\/\/www.pure-motivation.ch\/wordpress\/wp-json\/wp\/v2\/users\/1"}],"replies":[{"embeddable":true,"href":"https:\/\/www.pure-motivation.ch\/wordpress\/wp-json\/wp\/v2\/comments?post=2652"}],"version-history":[{"count":7,"href":"https:\/\/www.pure-motivation.ch\/wordpress\/wp-json\/wp\/v2\/pages\/2652\/revisions"}],"predecessor-version":[{"id":3755,"href":"https:\/\/www.pure-motivation.ch\/wordpress\/wp-json\/wp\/v2\/pages\/2652\/revisions\/3755"}],"wp:featuredmedia":[{"embeddable":true,"href":"https:\/\/www.pure-motivation.ch\/wordpress\/wp-json\/wp\/v2\/media\/2661"}],"wp:attachment":[{"href":"https:\/\/www.pure-motivation.ch\/wordpress\/wp-json\/wp\/v2\/media?parent=2652"}],"curies":[{"name":"wp","href":"https:\/\/api.w.org\/{rel}","templated":true}]}}